re the prime factors of j(a)?
2
List the prime factors of ((-4)/(-5))/(6/225).
2, 3, 5
Let n(m) = m**2 - 5*m + 13. What are the prime factors of n(5)?
13
Suppose 0 = 7*o - o - 288. List the prime factors of o.
2, 3
Let u(h) = 2*h**2 - h + 2. List the prime factors of u(3).
17
Suppose -2*p - 10 = 3*m, 2*m + 25 = m - 5*p. Let u = m + 0. Let k(i) = i**3 - i + 3. What are the prime factors of k(u)?
3
Suppose -219 = -7*k + 6*k. What are the prime factors of k?
3, 73
Suppose -5*x - 2 = -f, 5*f = 2*f - 5*x + 6. Suppose 3*m - f = 28. What are the prime factors of m?
2, 5
Let l be 6/(-2)*16/(-3). Let z = -11 + l. List the prime factors of z.
5
Let k be (1 - (-1 + 1))*5. Suppose k*a - 12 = 3. Suppose -a*u - 2*u = -55. What are the prime factors of u?
11
Suppose -o - 5 = 4*o. List the prime factors of (3 - (o - -6))*-13.
2, 13
Suppose 0 = 5*y - y - 12. List the prime factors of -2 - -3 - (-39)/y.
2, 7
Suppose -2 - 13 = -3*z. Suppose -z*k = 2*y - 9, 3*y - 1 - 1 = 4*k. What are the prime factors of y?
2
What are the prime factors of -52*((-6)/4 + 1)?
2, 13
Let i = -18 + 20. List the prime factors of i.
2
What are the prime factors of -32*-1*(-3 - 1)/(-4)?
2
Suppose -5*c = -7*c + 176. List the prime factors of c.
2, 11
Let g(z) = 6*z + 4. What are the prime factors of g(5)?
2, 17
Let x(c) = 3*c**2 + 3*c - 1. Suppose -10*t + 3 = -11*t. What are the prime factors of x(t)?
17
List the prime factors of 141 + 1 + -4 + -5.
7, 19
Let l(j) = -j**2 + 4*j. Let d be l(4). Let a = 4 - d. What are the prime factors of a/14 + (-24)/(-14)?
2
Let p(g) = 15*g**2 + g - 2. List the prime factors of p(-2).
2, 7
Suppose 90 = x - 2*x. What are the prime factors of 2/(-5)*x/3?
2, 3
Let j = 23 - -9. Let o = -16 + j. What are the prime factors of o?
2
Suppose -13*d - 71 = -14*d. List the prime factors of d.
71
Suppose 375 = 5*u + 35. List the prime factors of u.
2, 17
Suppose 5*j = -2 - 3. Let g = 9 + j. List the prime factors of g.
2
Let x(h) = -5*h**3 + 2*h. What are the prime factors of x(-2)?
2, 3
Suppose -5*f + 5*v = 3*v - 452, -2*f = -3*v - 183. List the prime factors of f.
2, 3, 5
Suppose 0*c + 26 = 2*c - 2*s, -3*s + 29 = c. Let k(j) = 3*j - 23. Let w(v) = v - 8. Let u(g) = c*w(g) - 6*k(g). List the prime factors of u(-6).
2
Let z(u) = u**2 + 1. Let q be z(-1). Suppose q*j - 6*j - 3*h = 93, 2*j = -5*h - 43. What are the prime factors of -2 + (j/(-1) - 2)?
2, 5
Suppose 0 = -5*z + 2*z - 12. Let q be 9/(-2)*z/(-6). List the prime factors of -1 - ((-21)/3 - q).
3
Let d = 21 + -13. Suppose -2*i - d + 22 = 0. List the prime factors of i.
7
Let y be (-4)/8 + (-1)/(-2). Suppose 14 = -y*b + 2*b. List the prime factors of b.
7
Suppose 72 = 5*n - n. Suppose 0 = 3*b + 3*g - n, 3*g = 2*b - 13 - 4. What are the prime factors of b?
7
What are the prime factors of (-4)/(-22) - (-5792)/88?
2, 3, 11
Let k = -18 + 26. Suppose -3*h = -k*h + 20. Suppose 3*i - 5*c = 88, 5*i - 117 = h*c + 8. List the prime factors of i.
3, 7
Let n = 3 + 2. Suppose n = -2*d + 11. What are the prime factors of d?
3
Suppose -3*k + 44 + 124 = 0. What are the prime factors of k?
2, 7
Suppose 0 = 5*u, -u + 105 = 5*a + 2*u. Let d = a - 9. List the prime factors of d.
2, 3
Let k be (-3 + (-5)/(-3))*-9. Suppose -4*p = -3*s + k, 12 = 2*s + 4. Suppose 2*r - 33 + 1 = p. List the prime factors of r.
2
List the prime factors of -4 + 0 + (5 - -1).
2
Let c(y) = -11*y - 17. What are the prime factors of c(-5)?
2, 19
Let v(d) = 7 + 10*d - d - 7*d + 4*d. What are the prime factors of v(3)?
5
Let n(b) = 108*b**2 + 2. What are the prime factors of n(1)?
2, 5, 11
Let v = -11 + -4. Let w be ((-1)/3)/(1/v). Suppose 9 = -w*n + 44. List the prime factors of n.
7
Suppose -10 = 9*x - 4*x. Let j = x + 4. What are the prime factors of j/10 - (-88)/10?
3
Let z = -16 - -9. List the prime factors of z/2*(-8 - -2).
3, 7
Suppose 3*a = 3 + 15. Let m be (-2)/3 - (-28)/a. Suppose -r = -4*n + 18, 2*r = -m - 0. What are the prime factors of n?
2
Let i be ((-6)/(4/2))/(-1). Let v be 0/1 - (3 - i). Suppose -3*f + 5*f - 18 = v. What are the prime factors of f?
3
Suppose 6*x - 672 = -6*x. What are the prime factors of x?
2, 7
Let f = 4 - 1. Suppose b = -0*s - f*s + 1, 5*s + 21 = 4*b. What are the prime factors of ((-60)/(-6))/(b/6)?
3, 5
Let w(n) be the first derivative of 11/2*n**2 + 1/3*n**3 - 2 + 7*n. What are the prime factors of w(-11)?
7
Suppose -h + 1 = -3*x - 0, -h - 4*x = -1. Suppose g = h + 16. What are the prime factors of g?
17
Let c(s) = 0*s**3 - 3*s**3 - 4*s**2 + 0*s**3 + 2*s**3 + 5*s + 4. List the prime factors of c(-5).
2
Suppose -2*p = -p - 14. Suppose 0 = 5*c + p - 154. What are the prime factors of c?
2, 7
Suppose 2*y + 8 = 20. Suppose 5*q - y + 1 = 0. What are the prime factors of q*(-26)/4*-2?
13
Let m(c) = c**3 + 6*c**2 - 7*c + 9. Let i be m(-7). Suppose -i = 2*x - 33. List the prime factors of x.
2, 3
What are the prime factors of (-236)/(-7) + 4/14?
2, 17
Let q(x) = x**3 - x + 3. Let r be q(0). List the prime factors of 45 + -8 - 1*r.
2, 17
Let s be 2 + -2 - 3*-1. Let d be s - ((1 - 3) + 2). List the prime factors of 1/((d/(-2))/(-3)).
2
Let z be 1/((-3)/(-2) + -1). Suppose 0 = -z*y + 5*y - 30. Suppose -2*l + 6 = -y. List the prime factors of l.
2
Suppose -5*o - 29 = -2*o + 4*v, -o + 22 = -5*v. Suppose -3*p - 20 = -7*p. List the prime factors of o/(-15) - (-54)/p.
11
Suppose 4*p + 0*p - 80 = 0. What are the prime factors of p?
2, 5
Let v = 23 - -11. List the prime factors of v.
2, 17
Suppose -m - 4*m + 15 = 0. Suppose -a - m*a = -44. What are the prime factors of a?
11
Let j(i) = -i**2 + 10*i. Let p be j(10). Let c = -3 + p. List the prime factors of c/4 + (-217)/(-28).
7
Let c = -64 - -150. What are the prime factors of c?
2, 43
Let h be 1*(3 + 0/2). Suppose 3*v + 25 = 4*f, -f - h*v = 3*f - 55. List the prime factors of f.
2, 5
Let h(f) = -f - 4. Let i be h(8). Let t(r) = -r**2 + 2. Let n be t(-3). Let s = n - i. What are the prime factors of s?
5
Let t(m) = -m - 5. Let w(f) = 4*f**3 + 2*f**2 + f. Let r be w(-1). Let h be 1/(((-6)/(-14))/r). List the prime factors of t(h).
2
Let n(x) = -4*x**3 - 2*x**2 + 2*x - 1. Let r be n(-3). Suppose 0 = 4*o - 29 - r. List the prime factors of o.
2, 7
Let j = 68 - 40. What are the prime factors of j?
2, 7
Let s(c) = -10*c + 14. Let o(p) = 7*p - 9. Let q(r) = 8*o(r) + 5*s(r). What are the prime factors of q(5)?
2, 7
Suppose 4*u = -2 + 10, -2*u - 8 = -3*f. Suppose f*x + 2 = 5*x. Suppose 1 = -3*t - x*v - 0, 2*t + 19 = -5*v. What are the prime factors of t?
3
Let p = 140 + -82. What are the prime factors of p?
2, 29
Let g = 11 - 6. Suppose -g*o + 0*o + 126 = 4*s, -3*o - 23 = -s. List the prime factors of s.
29
Let f = 59 + -17. What are the prime factors of f?
2, 3, 7
Suppose 2*f - 6*f - 36 = 0. Let j = 17 + f. List the prime factors of j.
2
Suppose 5*f - 5*k = -35 + 5, -f - 3*k = 14. Let i(s) = -s - 7. Let r be i(f). Suppose -5*o = -j - 92, 5*o + j - 89 = -r. List the prime factors of o.
2, 3
Suppose 8 - 1 = -n. Let g = n - -18. List the prime factors of g.
11
What are the prime factors of (6/27*3)/(10/285)?
19
Let a(d) = -d**2 + 22*d - 35. Let r be a(19). Suppose -2*w - 2*s - 32 = 0, 2*s + 0 = w + 1. Let o = w + r. List the prime factors of o.
11
Suppose -5*l - 149 + 664 = 0. What are the prime factors of l?
103
Let k be ((-73)/3)/((-1)/3). Suppose 0 = -5*r + k - 3. What are the prime factors of r?
2, 7
Let p = 32 - 27. Let h be (4/5)/((-2)/(-10)). Suppose 0*l - h*l - 24 = -n, 48 = p*n + 4*l. List the prime factors of n.
2, 3
Let k = -19 + 13. What are the prime factors of 4*(1 + 3/k)?
2
Let r = 18 + 8. List the prime factors of r.
2, 13
Let k = 72 - 105. Let g = -16 - k. What are the prime factors of g?
17
Let o = 0 + 2. Suppose -12 = -l - o*v, 3*v = -3*l + 47 - 8. What are the prime factors of l?
2, 7
Let r = -5 - 1. What are the prime factors of (-4)/r - 136/(-12)?
2, 3
Suppose l - 50 + 15 = 0. What are the prime factors of l?
5, 7
Suppose -207 = -5*g - 3*r + 171, 4*g + 4*r = 296. Let f = g + -41. What are the prime factors of f?
37
Let n(s) = s**2 + s - 14. What are the prime factors of n(6)?
2, 7
Suppose -3*c + 94 = -c. List the prime factors of c.
47
Let s(q) = -16*q - 5 + 6 + 0. Let m be s(-1). Suppose -3*o = -3*x + 18, 3*o = 5*x + m - 45. List the prime factors of x.
5
Let u(b) = b**2 